{"id":3445,"date":"2024-05-11T02:01:52","date_gmt":"2024-05-11T02:01:52","guid":{"rendered":"https:\/\/editorial.buluttan.com\/?page_id=3445"},"modified":"2025-01-09T12:58:31","modified_gmt":"2025-01-09T12:58:31","slug":"sikca-sorulan-sorular","status":"publish","type":"page","link":"https:\/\/editorial.buluttan.com\/?page_id=3445","title":{"rendered":"S\u0131k\u00e7a Sorulan Sorular"},"content":{"rendered":"\n<div class=\"schema-faq wp-block-yoast-faq-block\"><div class=\"schema-faq-section\" id=\"faq-question-1715392838720\"><strong class=\"schema-faq-question\">Buluttan Hava Zekas\u0131 nedir?<\/strong> <p class=\"schema-faq-answer\">Buluttan, farkl\u0131 sekt\u00f6rlerde operasyonel ve finansal s\u00fcre\u00e7leri optimize etmek i\u00e7in \u00e7apraz sekt\u00f6rel hava zekas\u0131 ve iklim izleme \u00e7\u00f6z\u00fcmleri sunan bir meteoroloji ve teknoloji sosyal giri\u015fimidir.<\/p> <\/div> <div class=\"schema-faq-section\" id=\"faq-question-1715392857807\"><strong class=\"schema-faq-question\">Sosyal giri\u015fim nedir ve Buluttan Hava Zekas\u0131 neden bir sosyal giri\u015fimdir?<\/strong> <p class=\"schema-faq-answer\">Sosyal giri\u015fim, toplumsal sorunlara yenilik\u00e7i \u00e7\u00f6z\u00fcmler \u00fcreten ve bu \u00e7\u00f6z\u00fcmleri s\u00fcrd\u00fcr\u00fclebilir bir \u015fekilde uygulayarak topluma fayda sa\u011flamay\u0131 ama\u00e7layan bir giri\u015fimcilik t\u00fcr\u00fcd\u00fcr. Sosyal giri\u015fimciler, kar amac\u0131 g\u00fctmek ile birlikte, \u00f6ncelikli olarak toplumsal fayda sa\u011flamay\u0131 ve sosyal etki yaratmay\u0131 hedeflerler. Buluttan Hava Zek\u00e2s\u0131 da i\u015fletmelere sundu\u011fu g\u00fcvenilir ve zaman\u0131nda hava tahmini ile verimlili\u011fin art\u0131r\u0131lmas\u0131ndan g\u00fcvenlik \u00f6nlemlerinin al\u0131nmas\u0131na kadar bir \u00e7ok farkl\u0131 alanda toplum faydas\u0131n\u0131 g\u00f6zeten \u00e7\u00f6z\u00fcmler sunuyor.<\/p> <\/div> <div class=\"schema-faq-section\" id=\"faq-question-1715392874207\"><strong class=\"schema-faq-question\">Neden Buluttan Hava Zekas\u0131?<\/strong> <p class=\"schema-faq-answer\">Buluttan Weather Intelligence, T\u00fcrkiye&#8217;nin ilk \u00f6zel meteoroloji \u015firketi olarak, sekt\u00f6rlerin ihtiya\u00e7lar\u0131n\u0131 dikkate alarak farkl\u0131 alanlara y\u00f6nelik \u00fcr\u00fcnler sunmaktad\u0131r. Bir\u00e7ok farkl\u0131 kaynaktan toplanan verilerin uzman meteoroloji m\u00fchendisleri taraf\u0131ndan modellenmesi ve veri bilimcilerinin yapay zeka uygulamalar\u0131 ile g\u00fc\u00e7lendirilmesi sayesinde son derece g\u00fcvenilir hava tahminleri sa\u011flamaktay\u0131z.<\/p> <\/div> <\/div>\n","protected":false},"excerpt":{"rendered":"","protected":false},"author":1,"featured_media":0,"parent":0,"menu_order":0,"comment_status":"closed","ping_status":"closed","template":"","meta":{"footnotes":""},"categories":[],"tags":[7],"class_list":["post-3445","page","type-page","status-publish","hentry","tag-tr","entry"],"acf":[],"yoast_head":"<!-- This site is optimized with the Yoast SEO plugin v21.2 - https:\/\/yoast.com\/wordpress\/plugins\/seo\/ -->\n<title>S\u0131k\u00e7a Sorulan Sorular - Buluttan Blog<\/title>\n<meta name=\"robots\" content=\"noindex, follow, max-snippet:-1, max-image-preview:large, max-video-preview:-1\" \/>\n<meta property=\"og:locale\" content=\"en_US\" \/>\n<meta property=\"og:type\" content=\"article\" \/>\n<meta property=\"og:title\" content=\"S\u0131k\u00e7a Sorulan Sorular - Buluttan Blog\" \/>\n<meta property=\"og:url\" content=\"https:\/\/editorial.buluttan.com\/?page_id=3445\" \/>\n<meta property=\"og:site_name\" content=\"Buluttan Blog\" \/>\n<meta property=\"article:modified_time\" content=\"2025-01-09T12:58:31+00:00\" \/>\n<meta name=\"twitter:card\" content=\"summary_large_image\" \/>\n<meta name=\"twitter:label1\" content=\"Est. reading time\" \/>\n\t<meta name=\"twitter:data1\" content=\"1 minute\" \/>\n<script type=\"application\/ld+json\" class=\"yoast-schema-graph\">{\"@context\":\"https:\/\/schema.org\",\"@graph\":[{\"@type\":[\"WebPage\",\"FAQPage\"],\"@id\":\"https:\/\/editorial.buluttan.com\/?page_id=3445\",\"url\":\"https:\/\/editorial.buluttan.com\/?page_id=3445\",\"name\":\"S\u0131k\u00e7a Sorulan Sorular - Buluttan Blog\",\"isPartOf\":{\"@id\":\"https:\/\/editorial.buluttan.com\/#website\"},\"datePublished\":\"2024-05-11T02:01:52+00:00\",\"dateModified\":\"2025-01-09T12:58:31+00:00\",\"breadcrumb\":{\"@id\":\"https:\/\/editorial.buluttan.com\/?page_id=3445#breadcrumb\"},\"mainEntity\":[{\"@id\":\"https:\/\/editorial.buluttan.com\/?page_id=3445#faq-question-1715392838720\"},{\"@id\":\"https:\/\/editorial.buluttan.com\/?page_id=3445#faq-question-1715392857807\"},{\"@id\":\"https:\/\/editorial.buluttan.com\/?page_id=3445#faq-question-1715392874207\"}],\"inLanguage\":\"en-US\",\"potentialAction\":[{\"@type\":\"ReadAction\",\"target\":[\"https:\/\/editorial.buluttan.com\/?page_id=3445\"]}]},{\"@type\":\"BreadcrumbList\",\"@id\":\"https:\/\/editorial.buluttan.com\/?page_id=3445#breadcrumb\",\"itemListElement\":[{\"@type\":\"ListItem\",\"position\":1,\"name\":\"Home\",\"item\":\"https:\/\/editorial.buluttan.com\/\"},{\"@type\":\"ListItem\",\"position\":2,\"name\":\"S\u0131k\u00e7a Sorulan Sorular\"}]},{\"@type\":\"WebSite\",\"@id\":\"https:\/\/editorial.buluttan.com\/#website\",\"url\":\"https:\/\/editorial.buluttan.com\/\",\"name\":\"Buluttan Blog\",\"description\":\"\",\"potentialAction\":[{\"@type\":\"SearchAction\",\"target\":{\"@type\":\"EntryPoint\",\"urlTemplate\":\"https:\/\/editorial.buluttan.com\/?s={search_term_string}\"},\"query-input\":\"required name=search_term_string\"}],\"inLanguage\":\"en-US\"},{\"@type\":\"Person\",\"@id\":\"https:\/\/editorial.buluttan.com\/#\/schema\/person\/b34047aa6ed20aaa5c04d54a79ba5616\",\"name\":\"Buluttan\",\"image\":{\"@type\":\"ImageObject\",\"inLanguage\":\"en-US\",\"@id\":\"https:\/\/editorial.buluttan.com\/#\/schema\/person\/image\/\",\"url\":\"https:\/\/secure.gravatar.com\/avatar\/1f133024670b160ea1178db08ff69ffe37f006e930aa97f1489816bb0ec98b12?s=96&d=mm&r=g\",\"contentUrl\":\"https:\/\/secure.gravatar.com\/avatar\/1f133024670b160ea1178db08ff69ffe37f006e930aa97f1489816bb0ec98b12?s=96&d=mm&r=g\",\"caption\":\"Buluttan\"},\"sameAs\":[\"http:\/\/editorial.buluttan.com\",\"https:\/\/www.linkedin.com\/company\/buluttan\/\"],\"url\":\"https:\/\/editorial.buluttan.com\/?author=1\"},{\"@type\":\"Question\",\"@id\":\"https:\/\/editorial.buluttan.com\/?page_id=3445#faq-question-1715392838720\",\"position\":1,\"url\":\"https:\/\/editorial.buluttan.com\/?page_id=3445#faq-question-1715392838720\",\"name\":\"Buluttan Hava Zekas\u0131 nedir?\",\"answerCount\":1,\"acceptedAnswer\":{\"@type\":\"Answer\",\"text\":\"Buluttan, farkl\u0131 sekt\u00f6rlerde operasyonel ve finansal s\u00fcre\u00e7leri optimize etmek i\u00e7in \u00e7apraz sekt\u00f6rel hava zekas\u0131 ve iklim izleme \u00e7\u00f6z\u00fcmleri sunan bir meteoroloji ve teknoloji sosyal giri\u015fimidir.\",\"inLanguage\":\"en-US\"},\"inLanguage\":\"en-US\"},{\"@type\":\"Question\",\"@id\":\"https:\/\/editorial.buluttan.com\/?page_id=3445#faq-question-1715392857807\",\"position\":2,\"url\":\"https:\/\/editorial.buluttan.com\/?page_id=3445#faq-question-1715392857807\",\"name\":\"Sosyal giri\u015fim nedir ve Buluttan Hava Zekas\u0131 neden bir sosyal giri\u015fimdir?\",\"answerCount\":1,\"acceptedAnswer\":{\"@type\":\"Answer\",\"text\":\"Sosyal giri\u015fim, toplumsal sorunlara yenilik\u00e7i \u00e7\u00f6z\u00fcmler \u00fcreten ve bu \u00e7\u00f6z\u00fcmleri s\u00fcrd\u00fcr\u00fclebilir bir \u015fekilde uygulayarak topluma fayda sa\u011flamay\u0131 ama\u00e7layan bir giri\u015fimcilik t\u00fcr\u00fcd\u00fcr. Sosyal giri\u015fimciler, kar amac\u0131 g\u00fctmek ile birlikte, \u00f6ncelikli olarak toplumsal fayda sa\u011flamay\u0131 ve sosyal etki yaratmay\u0131 hedeflerler. Buluttan Hava Zek\u00e2s\u0131 da i\u015fletmelere sundu\u011fu g\u00fcvenilir ve zaman\u0131nda hava tahmini ile verimlili\u011fin art\u0131r\u0131lmas\u0131ndan g\u00fcvenlik \u00f6nlemlerinin al\u0131nmas\u0131na kadar bir \u00e7ok farkl\u0131 alanda toplum faydas\u0131n\u0131 g\u00f6zeten \u00e7\u00f6z\u00fcmler sunuyor.\",\"inLanguage\":\"en-US\"},\"inLanguage\":\"en-US\"},{\"@type\":\"Question\",\"@id\":\"https:\/\/editorial.buluttan.com\/?page_id=3445#faq-question-1715392874207\",\"position\":3,\"url\":\"https:\/\/editorial.buluttan.com\/?page_id=3445#faq-question-1715392874207\",\"name\":\"Neden Buluttan Hava Zekas\u0131?\",\"answerCount\":1,\"acceptedAnswer\":{\"@type\":\"Answer\",\"text\":\"Buluttan Weather Intelligence, T\u00fcrkiye'nin ilk \u00f6zel meteoroloji \u015firketi olarak, sekt\u00f6rlerin ihtiya\u00e7lar\u0131n\u0131 dikkate alarak farkl\u0131 alanlara y\u00f6nelik \u00fcr\u00fcnler sunmaktad\u0131r. Bir\u00e7ok farkl\u0131 kaynaktan toplanan verilerin uzman meteoroloji m\u00fchendisleri taraf\u0131ndan modellenmesi ve veri bilimcilerinin yapay zeka uygulamalar\u0131 ile g\u00fc\u00e7lendirilmesi sayesinde son derece g\u00fcvenilir hava tahminleri sa\u011flamaktay\u0131z.\",\"inLanguage\":\"en-US\"},\"inLanguage\":\"en-US\"}]}<\/script>\n<!-- \/ Yoast SEO plugin. -->","yoast_head_json":{"title":"S\u0131k\u00e7a Sorulan Sorular - Buluttan Blog","robots":{"index":"noindex","follow":"follow","max-snippet":"max-snippet:-1","max-image-preview":"max-image-preview:large","max-video-preview":"max-video-preview:-1"},"og_locale":"en_US","og_type":"article","og_title":"S\u0131k\u00e7a Sorulan Sorular - Buluttan Blog","og_url":"https:\/\/editorial.buluttan.com\/?page_id=3445","og_site_name":"Buluttan Blog","article_modified_time":"2025-01-09T12:58:31+00:00","twitter_card":"summary_large_image","twitter_misc":{"Est. reading time":"1 minute"},"schema":{"@context":"https:\/\/schema.org","@graph":[{"@type":["WebPage","FAQPage"],"@id":"https:\/\/editorial.buluttan.com\/?page_id=3445","url":"https:\/\/editorial.buluttan.com\/?page_id=3445","name":"S\u0131k\u00e7a Sorulan Sorular - Buluttan Blog","isPartOf":{"@id":"https:\/\/editorial.buluttan.com\/#website"},"datePublished":"2024-05-11T02:01:52+00:00","dateModified":"2025-01-09T12:58:31+00:00","breadcrumb":{"@id":"https:\/\/editorial.buluttan.com\/?page_id=3445#breadcrumb"},"mainEntity":[{"@id":"https:\/\/editorial.buluttan.com\/?page_id=3445#faq-question-1715392838720"},{"@id":"https:\/\/editorial.buluttan.com\/?page_id=3445#faq-question-1715392857807"},{"@id":"https:\/\/editorial.buluttan.com\/?page_id=3445#faq-question-1715392874207"}],"inLanguage":"en-US","potentialAction":[{"@type":"ReadAction","target":["https:\/\/editorial.buluttan.com\/?page_id=3445"]}]},{"@type":"BreadcrumbList","@id":"https:\/\/editorial.buluttan.com\/?page_id=3445#breadcrumb","itemListElement":[{"@type":"ListItem","position":1,"name":"Home","item":"https:\/\/editorial.buluttan.com\/"},{"@type":"ListItem","position":2,"name":"S\u0131k\u00e7a Sorulan Sorular"}]},{"@type":"WebSite","@id":"https:\/\/editorial.buluttan.com\/#website","url":"https:\/\/editorial.buluttan.com\/","name":"Buluttan Blog","description":"","potentialAction":[{"@type":"SearchAction","target":{"@type":"EntryPoint","urlTemplate":"https:\/\/editorial.buluttan.com\/?s={search_term_string}"},"query-input":"required name=search_term_string"}],"inLanguage":"en-US"},{"@type":"Person","@id":"https:\/\/editorial.buluttan.com\/#\/schema\/person\/b34047aa6ed20aaa5c04d54a79ba5616","name":"Buluttan","image":{"@type":"ImageObject","inLanguage":"en-US","@id":"https:\/\/editorial.buluttan.com\/#\/schema\/person\/image\/","url":"https:\/\/secure.gravatar.com\/avatar\/1f133024670b160ea1178db08ff69ffe37f006e930aa97f1489816bb0ec98b12?s=96&d=mm&r=g","contentUrl":"https:\/\/secure.gravatar.com\/avatar\/1f133024670b160ea1178db08ff69ffe37f006e930aa97f1489816bb0ec98b12?s=96&d=mm&r=g","caption":"Buluttan"},"sameAs":["http:\/\/editorial.buluttan.com","https:\/\/www.linkedin.com\/company\/buluttan\/"],"url":"https:\/\/editorial.buluttan.com\/?author=1"},{"@type":"Question","@id":"https:\/\/editorial.buluttan.com\/?page_id=3445#faq-question-1715392838720","position":1,"url":"https:\/\/editorial.buluttan.com\/?page_id=3445#faq-question-1715392838720","name":"Buluttan Hava Zekas\u0131 nedir?","answerCount":1,"acceptedAnswer":{"@type":"Answer","text":"Buluttan, farkl\u0131 sekt\u00f6rlerde operasyonel ve finansal s\u00fcre\u00e7leri optimize etmek i\u00e7in \u00e7apraz sekt\u00f6rel hava zekas\u0131 ve iklim izleme \u00e7\u00f6z\u00fcmleri sunan bir meteoroloji ve teknoloji sosyal giri\u015fimidir.","inLanguage":"en-US"},"inLanguage":"en-US"},{"@type":"Question","@id":"https:\/\/editorial.buluttan.com\/?page_id=3445#faq-question-1715392857807","position":2,"url":"https:\/\/editorial.buluttan.com\/?page_id=3445#faq-question-1715392857807","name":"Sosyal giri\u015fim nedir ve Buluttan Hava Zekas\u0131 neden bir sosyal giri\u015fimdir?","answerCount":1,"acceptedAnswer":{"@type":"Answer","text":"Sosyal giri\u015fim, toplumsal sorunlara yenilik\u00e7i \u00e7\u00f6z\u00fcmler \u00fcreten ve bu \u00e7\u00f6z\u00fcmleri s\u00fcrd\u00fcr\u00fclebilir bir \u015fekilde uygulayarak topluma fayda sa\u011flamay\u0131 ama\u00e7layan bir giri\u015fimcilik t\u00fcr\u00fcd\u00fcr. Sosyal giri\u015fimciler, kar amac\u0131 g\u00fctmek ile birlikte, \u00f6ncelikli olarak toplumsal fayda sa\u011flamay\u0131 ve sosyal etki yaratmay\u0131 hedeflerler. Buluttan Hava Zek\u00e2s\u0131 da i\u015fletmelere sundu\u011fu g\u00fcvenilir ve zaman\u0131nda hava tahmini ile verimlili\u011fin art\u0131r\u0131lmas\u0131ndan g\u00fcvenlik \u00f6nlemlerinin al\u0131nmas\u0131na kadar bir \u00e7ok farkl\u0131 alanda toplum faydas\u0131n\u0131 g\u00f6zeten \u00e7\u00f6z\u00fcmler sunuyor.","inLanguage":"en-US"},"inLanguage":"en-US"},{"@type":"Question","@id":"https:\/\/editorial.buluttan.com\/?page_id=3445#faq-question-1715392874207","position":3,"url":"https:\/\/editorial.buluttan.com\/?page_id=3445#faq-question-1715392874207","name":"Neden Buluttan Hava Zekas\u0131?","answerCount":1,"acceptedAnswer":{"@type":"Answer","text":"Buluttan Weather Intelligence, T\u00fcrkiye'nin ilk \u00f6zel meteoroloji \u015firketi olarak, sekt\u00f6rlerin ihtiya\u00e7lar\u0131n\u0131 dikkate alarak farkl\u0131 alanlara y\u00f6nelik \u00fcr\u00fcnler sunmaktad\u0131r. Bir\u00e7ok farkl\u0131 kaynaktan toplanan verilerin uzman meteoroloji m\u00fchendisleri taraf\u0131ndan modellenmesi ve veri bilimcilerinin yapay zeka uygulamalar\u0131 ile g\u00fc\u00e7lendirilmesi sayesinde son derece g\u00fcvenilir hava tahminleri sa\u011flamaktay\u0131z.","inLanguage":"en-US"},"inLanguage":"en-US"}]}},"_links":{"self":[{"href":"https:\/\/editorial.buluttan.com\/index.php?rest_route=\/wp\/v2\/pages\/3445","targetHints":{"allow":["GET"]}}],"collection":[{"href":"https:\/\/editorial.buluttan.com\/index.php?rest_route=\/wp\/v2\/pages"}],"about":[{"href":"https:\/\/editorial.buluttan.com\/index.php?rest_route=\/wp\/v2\/types\/page"}],"author":[{"embeddable":true,"href":"https:\/\/editorial.buluttan.com\/index.php?rest_route=\/wp\/v2\/users\/1"}],"replies":[{"embeddable":true,"href":"https:\/\/editorial.buluttan.com\/index.php?rest_route=%2Fwp%2Fv2%2Fcomments&post=3445"}],"version-history":[{"count":2,"href":"https:\/\/editorial.buluttan.com\/index.php?rest_route=\/wp\/v2\/pages\/3445\/revisions"}],"predecessor-version":[{"id":4272,"href":"https:\/\/editorial.buluttan.com\/index.php?rest_route=\/wp\/v2\/pages\/3445\/revisions\/4272"}],"wp:attachment":[{"href":"https:\/\/editorial.buluttan.com\/index.php?rest_route=%2Fwp%2Fv2%2Fmedia&parent=3445"}],"wp:term":[{"taxonomy":"category","embeddable":true,"href":"https:\/\/editorial.buluttan.com\/index.php?rest_route=%2Fwp%2Fv2%2Fcategories&post=3445"},{"taxonomy":"post_tag","embeddable":true,"href":"https:\/\/editorial.buluttan.com\/index.php?rest_route=%2Fwp%2Fv2%2Ftags&post=3445"}],"curies":[{"name":"wp","href":"https:\/\/api.w.org\/{rel}","templated":true}]}}